{"id":9067,"date":"2024-02-08T00:02:15","date_gmt":"2024-02-08T00:02:15","guid":{"rendered":"https:\/\/seguridad.conahcyt.mx\/mujeres\/?page_id=9067"},"modified":"2024-03-07T13:33:52","modified_gmt":"2024-03-07T19:33:52","slug":"revista","status":"publish","type":"page","link":"https:\/\/seguridad.conahcyt.mx\/mujeres\/inicio\/revista\/","title":{"rendered":"Revista"},"content":{"rendered":"<style>.wp-block-kadence-advancedheading.kt-adv-heading9067_9b83c5-78, .wp-block-kadence-advancedheading.kt-adv-heading9067_9b83c5-78[data-kb-block=\"kb-adv-heading9067_9b83c5-78\"]{font-style:normal;}.wp-block-kadence-advancedheading.kt-adv-heading9067_9b83c5-78 mark, .wp-block-kadence-advancedheading.kt-adv-heading9067_9b83c5-78[data-kb-block=\"kb-adv-heading9067_9b83c5-78\"] mark{font-style:normal;color:#f76a0c;padding-top:0px;padding-right:0px;padding-bottom:0px;padding-left:0px;}<\/style>\n<h2 class=\"kt-adv-heading9067_9b83c5-78 wp-block-kadence-advancedheading\" data-kb-block=\"kb-adv-heading9067_9b83c5-78\">Pr\u00f3ximamente<\/h2>\n\n\n\n<p class=\"has-text-align-center\"><\/p>\n\n\n<style>.kb-row-layout-id9067_b01a4e-ce > .kt-row-column-wrap{align-content:start;}:where(.kb-row-layout-id9067_b01a4e-ce > .kt-row-column-wrap) > .wp-block-kadence-column{justify-content:start;}.kb-row-layout-id9067_b01a4e-ce > .kt-row-column-wrap{column-gap:var(--global-kb-gap-md, 2rem);row-gap:var(--global-kb-gap-md, 2rem);padding-top:var(--global-kb-spacing-sm, 1.5rem);padding-bottom:var(--global-kb-spacing-sm, 1.5rem);grid-template-columns:minmax(0, 1fr) minmax(0, 6fr) minmax(0, 1fr);}.kb-row-layout-id9067_b01a4e-ce > .kt-row-layout-overlay{opacity:0.30;}@media all and (max-width: 1024px){.kb-row-layout-id9067_b01a4e-ce > .kt-row-column-wrap{grid-template-columns:repeat(3, minmax(0, 1fr));}}@media all and (max-width: 767px){.kb-row-layout-id9067_b01a4e-ce > .kt-row-column-wrap{grid-template-columns:minmax(0, 1fr);}}<\/style><div class=\"kb-row-layout-wrap kb-row-layout-id9067_b01a4e-ce alignnone wp-block-kadence-rowlayout\"><div class=\"kt-row-column-wrap kt-has-3-columns kt-row-layout-center-exwide kt-tab-layout-inherit kt-mobile-layout-row kt-row-valign-top\">\n<style>.kadence-column9067_99f0cd-cb > .kt-inside-inner-col,.kadence-column9067_99f0cd-cb > .kt-inside-inner-col:before{border-top-left-radius:0px;border-top-right-radius:0px;border-bottom-right-radius:0px;border-bottom-left-radius:0px;}.kadence-column9067_99f0cd-cb > .kt-inside-inner-col{column-gap:var(--global-kb-gap-sm, 1rem);}.kadence-column9067_99f0cd-cb > .kt-inside-inner-col{flex-direction:column;}.kadence-column9067_99f0cd-cb > .kt-inside-inner-col > .aligncenter{width:100%;}.kadence-column9067_99f0cd-cb > .kt-inside-inner-col:before{opacity:0.3;}.kadence-column9067_99f0cd-cb{position:relative;}@media all and (max-width: 1024px){.kadence-column9067_99f0cd-cb > .kt-inside-inner-col{flex-direction:column;}}@media all and (max-width: 767px){.kadence-column9067_99f0cd-cb > .kt-inside-inner-col{flex-direction:column;}}<\/style>\n<div class=\"wp-block-kadence-column kadence-column9067_99f0cd-cb\"><div class=\"kt-inside-inner-col\"><\/div><\/div>\n\n\n<style>.kadence-column9067_1afc1a-ff > .kt-inside-inner-col,.kadence-column9067_1afc1a-ff > .kt-inside-inner-col:before{border-top-left-radius:0px;border-top-right-radius:0px;border-bottom-right-radius:0px;border-bottom-left-radius:0px;}.kadence-column9067_1afc1a-ff > .kt-inside-inner-col{column-gap:var(--global-kb-gap-sm, 1rem);}.kadence-column9067_1afc1a-ff > .kt-inside-inner-col{flex-direction:column;}.kadence-column9067_1afc1a-ff > .kt-inside-inner-col > .aligncenter{width:100%;}.kadence-column9067_1afc1a-ff > .kt-inside-inner-col:before{opacity:0.3;}.kadence-column9067_1afc1a-ff{position:relative;}@media all and (max-width: 1024px){.kadence-column9067_1afc1a-ff > .kt-inside-inner-col{flex-direction:column;}}@media all and (max-width: 767px){.kadence-column9067_1afc1a-ff > .kt-inside-inner-col{flex-direction:column;}}<\/style>\n<div class=\"wp-block-kadence-column kadence-column9067_1afc1a-ff\"><div class=\"kt-inside-inner-col\">\n<p class=\"has-text-align-center\"><strong>REVISTA CIENCIAS Y HUMANIDADES<\/strong><\/p>\n\n\n\n<p class=\"has-text-align-center\"><br><strong>Seguridad Humana<\/strong><\/p>\n\n\n\n<p class=\"has-text-align-left\"><br><strong>Objetivo General<\/strong><\/p>\n\n\n\n<p class=\"has-text-align-left\"><br>La edici\u00f3n tem\u00e1tica en Seguridad Humana de la Revista Ciencias y Humanidades busca ser un espacio en el que el p\u00fablico lector encuentre las v\u00edas en las cuales la Cuarta Transformaci\u00f3n act\u00faa en materia de seguridad para todas y todos. En concordancia a las palabras del presidente L\u00f3pez Obrador, \u201cel fin \u00faltimo de un Estado es crear las condiciones para que la gente pueda vivir feliz y libre de miserias y temores\u201d, esta revista muestra algunas de las estrategias en esa materia, pero adem\u00e1s, presenta argumentos relacionados a otras cuestiones fundamentales que son parte representativa de nuestra grandeza cultural.<br>Adem\u00e1s, la revista busca ser un medio m\u00e1s para que el Consejo entable un di\u00e1logo con el pueblo de M\u00e9xico, en el cual \u00e9ste cuente con la mayor informaci\u00f3n respecto a la apuesta del Conahcyt por coadyuvar en garantizar una vida libre de violencias y combatir las desigualdades en M\u00e9xico.<\/p>\n\n\n\n<p class=\"has-text-align-left\">En este volumen confluyen trabajos que apuestan a la formaci\u00f3n de sujetos y sujetas sociales capaces de articular y dar continuidad a una pol\u00edtica p\u00fablica y social en materia de seguridad novedosa, pertinente e incluyente en M\u00e9xico.<br>En el Humanismo Mexicano, la seguridad no solo adquiere un nuevo sentido, terminando con una realidad de opresi\u00f3n, dirigida por pol\u00edticas punitivas y de mano dura, sino que busca la justicia, inclusi\u00f3n, igualdad y la verdad, centr\u00e1ndose en las personas, en atender deudas hist\u00f3ricas y en la transformaci\u00f3n de la vida p\u00fablica del pa\u00eds, sin violencia y de manera pac\u00edfica.<br><\/p>\n\n\n\n<p class=\"has-text-align-left\"><strong>Objetivos particulares<\/strong><\/p>\n\n\n\n<ul>\n<li>Exponer las discusiones m\u00e1s recientes sobre desigualdades de g\u00e9nero, violencias y precariedad y al mismo tiempo, las pol\u00edticas y estrategias que el actual gobierno ejecuta para combatir las causas estructurales de esos problemas en su multidimensionalidad.<\/li>\n\n\n\n<li>Presentar las directrices de la pol\u00edtica p\u00fablica y los derechos humanos en el marco del Humanismo Mexicano ante la problem\u00e1tica de las violencias estructurales y de g\u00e9nero.<\/li>\n\n\n\n<li>Exponer la transversalidad de la Seguridad Humana con otras dimensiones y su alcance en materia de salud, defensa de la tierra, bienestar y justicia social, entre otras.<\/li>\n<\/ul>\n<\/div><\/div>\n\n\n<style>.kadence-column9067_1a43f2-3d > .kt-inside-inner-col,.kadence-column9067_1a43f2-3d > .kt-inside-inner-col:before{border-top-left-radius:0px;border-top-right-radius:0px;border-bottom-right-radius:0px;border-bottom-left-radius:0px;}.kadence-column9067_1a43f2-3d > .kt-inside-inner-col{column-gap:var(--global-kb-gap-sm, 1rem);}.kadence-column9067_1a43f2-3d > .kt-inside-inner-col{flex-direction:column;}.kadence-column9067_1a43f2-3d > .kt-inside-inner-col > .aligncenter{width:100%;}.kadence-column9067_1a43f2-3d > .kt-inside-inner-col:before{opacity:0.3;}.kadence-column9067_1a43f2-3d{position:relative;}@media all and (max-width: 1024px){.kadence-column9067_1a43f2-3d > .kt-inside-inner-col{flex-direction:column;}}@media all and (max-width: 767px){.kadence-column9067_1a43f2-3d > .kt-inside-inner-col{flex-direction:column;}}<\/style>\n<div class=\"wp-block-kadence-column kadence-column9067_1a43f2-3d\"><div class=\"kt-inside-inner-col\"><\/div><\/div>\n\n<\/div><\/div>\n\n\n<div style=\"height:34px\" aria-hidden=\"true\" class=\"wp-block-spacer\"><\/div>\n","protected":false},"excerpt":{"rendered":"<p>Pr\u00f3ximamente REVISTA CIENCIAS Y HUMANIDADES Seguridad Humana Objetivo General La edici\u00f3n tem\u00e1tica en Seguridad Humana de la Revista Ciencias y Humanidades busca ser un espacio en el que el p\u00fablico [&hellip;]<\/p>\n","protected":false},"author":4,"featured_media":0,"parent":4,"menu_order":0,"comment_status":"closed","ping_status":"closed","template":"","meta":{"ocean_post_layout":"","ocean_both_sidebars_style":"","ocean_both_sidebars_content_width":0,"ocean_both_sidebars_sidebars_width":0,"ocean_sidebar":"","ocean_second_sidebar":"","ocean_disable_margins":"enable","ocean_add_body_class":"","ocean_shortcode_before_top_bar":"","ocean_shortcode_after_top_bar":"","ocean_shortcode_before_header":"","ocean_shortcode_after_header":"","ocean_has_shortcode":"","ocean_shortcode_after_title":"","ocean_shortcode_before_footer_widgets":"","ocean_shortcode_after_footer_widgets":"","ocean_shortcode_before_footer_bottom":"","ocean_shortcode_after_footer_bottom":"","ocean_display_top_bar":"default","ocean_display_header":"default","ocean_header_style":"","ocean_center_header_left_menu":"","ocean_custom_header_template":"","ocean_custom_logo":0,"ocean_custom_retina_logo":0,"ocean_custom_logo_max_width":0,"ocean_custom_logo_tablet_max_width":0,"ocean_custom_logo_mobile_max_width":0,"ocean_custom_logo_max_height":0,"ocean_custom_logo_tablet_max_height":0,"ocean_custom_logo_mobile_max_height":0,"ocean_header_custom_menu":"","ocean_menu_typo_font_family":"","ocean_menu_typo_font_subset":"","ocean_menu_typo_font_size":0,"ocean_menu_typo_font_size_tablet":0,"ocean_menu_typo_font_size_mobile":0,"ocean_menu_typo_font_size_unit":"px","ocean_menu_typo_font_weight":"","ocean_menu_typo_font_weight_tablet":"","ocean_menu_typo_font_weight_mobile":"","ocean_menu_typo_transform":"","ocean_menu_typo_transform_tablet":"","ocean_menu_typo_transform_mobile":"","ocean_menu_typo_line_height":0,"ocean_menu_typo_line_height_tablet":0,"ocean_menu_typo_line_height_mobile":0,"ocean_menu_typo_line_height_unit":"","ocean_menu_typo_spacing":0,"ocean_menu_typo_spacing_tablet":0,"ocean_menu_typo_spacing_mobile":0,"ocean_menu_typo_spacing_unit":"","ocean_menu_link_color":"","ocean_menu_link_color_hover":"","ocean_menu_link_color_active":"","ocean_menu_link_background":"","ocean_menu_link_hover_background":"","ocean_menu_link_active_background":"","ocean_menu_social_links_bg":"","ocean_menu_social_hover_links_bg":"","ocean_menu_social_links_color":"","ocean_menu_social_hover_links_color":"","ocean_disable_title":"default","ocean_disable_heading":"default","ocean_post_title":"","ocean_post_subheading":"","ocean_post_title_style":"","ocean_post_title_background_color":"","ocean_post_title_background":0,"ocean_post_title_bg_image_position":"","ocean_post_title_bg_image_attachment":"","ocean_post_title_bg_image_repeat":"","ocean_post_title_bg_image_size":"","ocean_post_title_height":0,"ocean_post_title_bg_overlay":0.5,"ocean_post_title_bg_overlay_color":"","ocean_disable_breadcrumbs":"default","ocean_breadcrumbs_color":"","ocean_breadcrumbs_separator_color":"","ocean_breadcrumbs_links_color":"","ocean_breadcrumbs_links_hover_color":"","ocean_display_footer_widgets":"default","ocean_display_footer_bottom":"default","ocean_custom_footer_template":"","footnotes":""},"_links":{"self":[{"href":"https:\/\/seguridad.conahcyt.mx\/mujeres\/wp-json\/wp\/v2\/pages\/9067"}],"collection":[{"href":"https:\/\/seguridad.conahcyt.mx\/mujeres\/wp-json\/wp\/v2\/pages"}],"about":[{"href":"https:\/\/seguridad.conahcyt.mx\/mujeres\/wp-json\/wp\/v2\/types\/page"}],"author":[{"embeddable":true,"href":"https:\/\/seguridad.conahcyt.mx\/mujeres\/wp-json\/wp\/v2\/users\/4"}],"replies":[{"embeddable":true,"href":"https:\/\/seguridad.conahcyt.mx\/mujeres\/wp-json\/wp\/v2\/comments?post=9067"}],"version-history":[{"count":7,"href":"https:\/\/seguridad.conahcyt.mx\/mujeres\/wp-json\/wp\/v2\/pages\/9067\/revisions"}],"predecessor-version":[{"id":11137,"href":"https:\/\/seguridad.conahcyt.mx\/mujeres\/wp-json\/wp\/v2\/pages\/9067\/revisions\/11137"}],"up":[{"embeddable":true,"href":"https:\/\/seguridad.conahcyt.mx\/mujeres\/wp-json\/wp\/v2\/pages\/4"}],"wp:attachment":[{"href":"https:\/\/seguridad.conahcyt.mx\/mujeres\/wp-json\/wp\/v2\/media?parent=9067"}],"curies":[{"name":"wp","href":"https:\/\/api.w.org\/{rel}","templated":true}]}}