{"id":9523,"date":"2024-02-12T23:09:58","date_gmt":"2024-02-12T23:09:58","guid":{"rendered":"https:\/\/seguridad.conahcyt.mx\/mujeres\/?page_id=9523"},"modified":"2024-06-15T12:59:50","modified_gmt":"2024-06-15T18:59:50","slug":"satisfaccion-con-el-tiempo-dedicado-al-trabajo-remunerado-mexico-2019","status":"publish","type":"page","link":"https:\/\/seguridad.conahcyt.mx\/mujeres\/inicio\/desigualdades\/uso-del-tiempo-en-hombres-y-mujeres\/satisfaccion-con-el-tiempo-dedicado-al-trabajo-remunerado-mexico-2019\/","title":{"rendered":"Satisfacci\u00f3n con el tiempo dedicado al trabajo remunerado. M\u00e9xico, 2019"},"content":{"rendered":"<style>.kb-row-layout-id9523_790e78-d6 > .kt-row-column-wrap{align-content:start;}:where(.kb-row-layout-id9523_790e78-d6 > .kt-row-column-wrap) > .wp-block-kadence-column{justify-content:start;}.kb-row-layout-id9523_790e78-d6 > .kt-row-column-wrap{column-gap:var(--global-kb-gap-md, 2rem);row-gap:var(--global-kb-gap-md, 2rem);padding-top:var(--global-kb-spacing-sm, 1.5rem);padding-bottom:var(--global-kb-spacing-sm, 1.5rem);grid-template-columns:minmax(0, calc(15% - ((var(--global-kb-gap-md, 2rem) * 1 )\/2)))minmax(0, calc(85% - ((var(--global-kb-gap-md, 2rem) * 1 )\/2)));}.kb-row-layout-id9523_790e78-d6 > .kt-row-layout-overlay{opacity:0.30;}@media all and (max-width: 1024px){.kb-row-layout-id9523_790e78-d6 > .kt-row-column-wrap{grid-template-columns:repeat(2, minmax(0, 1fr));}}@media all and (max-width: 767px){.kb-row-layout-id9523_790e78-d6 > .kt-row-column-wrap{grid-template-columns:minmax(0, 1fr);}}<\/style><div class=\"kb-row-layout-wrap kb-row-layout-id9523_790e78-d6 alignnone wp-block-kadence-rowlayout\"><div class=\"kt-row-column-wrap kt-has-2-columns kt-row-layout-equal kt-tab-layout-inherit kt-mobile-layout-row kt-row-valign-top\">\n<style>.kadence-column9523_6757b4-8a > .kt-inside-inner-col,.kadence-column9523_6757b4-8a > .kt-inside-inner-col:before{border-top-left-radius:0px;border-top-right-radius:0px;border-bottom-right-radius:0px;border-bottom-left-radius:0px;}.kadence-column9523_6757b4-8a > .kt-inside-inner-col{column-gap:var(--global-kb-gap-sm, 1rem);}.kadence-column9523_6757b4-8a > .kt-inside-inner-col{flex-direction:column;}.kadence-column9523_6757b4-8a > .kt-inside-inner-col > .aligncenter{width:100%;}.kadence-column9523_6757b4-8a > .kt-inside-inner-col:before{opacity:0.3;}.kadence-column9523_6757b4-8a{position:relative;}@media all and (max-width: 1024px){.kadence-column9523_6757b4-8a > .kt-inside-inner-col{flex-direction:column;}}@media all and (max-width: 767px){.kadence-column9523_6757b4-8a > .kt-inside-inner-col{flex-direction:column;}}<\/style>\n<div class=\"wp-block-kadence-column kadence-column9523_6757b4-8a\"><div class=\"kt-inside-inner-col\"><style>.kadence-column9523_5cccb1-e8 > .kt-inside-inner-col,.kadence-column9523_5cccb1-e8 > .kt-inside-inner-col:before{border-top-left-radius:0px;border-top-right-radius:0px;border-bottom-right-radius:0px;border-bottom-left-radius:0px;}.kadence-column9523_5cccb1-e8 > .kt-inside-inner-col{column-gap:var(--global-kb-gap-sm, 1rem);}.kadence-column9523_5cccb1-e8 > .kt-inside-inner-col{flex-direction:column;}.kadence-column9523_5cccb1-e8 > .kt-inside-inner-col > .aligncenter{width:100%;}.kadence-column9523_5cccb1-e8 > .kt-inside-inner-col:before{opacity:0.3;}.kadence-column9523_5cccb1-e8{position:relative;}@media all and (max-width: 1024px){.kadence-column9523_5cccb1-e8 > .kt-inside-inner-col{flex-direction:column;}}@media all and (max-width: 767px){.kadence-column9523_5cccb1-e8 > .kt-inside-inner-col{flex-direction:column;}}<\/style>\n<div class=\"wp-block-kadence-column kadence-column9523_5cccb1-e8\"><div class=\"kt-inside-inner-col\">\n<div style=\"height:120px\" aria-hidden=\"true\" class=\"wp-block-spacer\"><\/div>\n\n\n\n<p style=\"font-size:10px\"><strong>En el tablero se muestra la gr\u00e1fica de satisfacci\u00f3n en hombres y mujeres con el tiempo dedicado al trabajo remunerado para el a\u00f1o 2019.<\/strong><\/p>\n\n\n\n<div style=\"height:36px\" aria-hidden=\"true\" class=\"wp-block-spacer\"><\/div>\n\n\n<style>.wp-block-kadence-column.kb-section-dir-horizontal > .kt-inside-inner-col > .kt-info-box9523_5df9a3-d4 .kt-blocks-info-box-link-wrap{max-width:unset;}.kt-info-box9523_5df9a3-d4 .kt-blocks-info-box-link-wrap{padding-top:var(--global-kb-spacing-xs, 1rem);padding-right:var(--global-kb-spacing-xs, 1rem);padding-bottom:var(--global-kb-spacing-xs, 1rem);padding-left:var(--global-kb-spacing-xs, 1rem);}.kt-info-box9523_5df9a3-d4 .kadence-info-box-icon-container .kt-info-svg-icon, .kt-info-box9523_5df9a3-d4 .kt-info-svg-icon-flip, .kt-info-box9523_5df9a3-d4 .kt-blocks-info-box-number{font-size:30px;}.kt-info-box9523_5df9a3-d4 .kt-blocks-info-box-media{border-top-width:0px;border-right-width:0px;border-bottom-width:0px;border-left-width:0px;padding-top:10px;padding-right:10px;padding-bottom:10px;padding-left:10px;}.kt-info-box9523_5df9a3-d4 .kt-blocks-info-box-media-container{margin-top:0px;margin-right:15px;margin-bottom:0px;margin-left:15px;}.kt-info-box9523_5df9a3-d4 .kt-blocks-info-box-learnmore{background:transparent;border-width:0px 0px 0px 0px;padding-top:4px;padding-right:8px;padding-bottom:4px;padding-left:8px;margin-top:10px;margin-right:0px;margin-bottom:10px;margin-left:0px;}<\/style>\n<div class=\"wp-block-kadence-infobox kt-info-box9523_5df9a3-d4\"><a class=\"kt-blocks-info-box-link-wrap info-box-link kt-blocks-info-box-media-align-top kt-info-halign-center\" href=\"https:\/\/seguridad.conahcyt.mx\/mujeres\/wp-content\/uploads\/Tableros\/Desigualdades\/usotiempo\/UsoTiempoSatisfaccionTiempoTrabajo\/ENUT4.xlsx\"><div class=\"kt-blocks-info-box-media-container\"><div class=\"kt-blocks-info-box-media kt-info-media-animate-none\"><div class=\"kadence-info-box-icon-container kt-info-icon-animate-none\"><div class=\"kadence-info-box-icon-inner-container\"><span class=\"kb-svg-icon-wrap kb-svg-icon-fe_download kt-info-svg-icon\"><svg viewBox=\"0 0 24 24\"  fill=\"none\" stroke=\"currentColor\" stroke-width=\"2\" stroke-linecap=\"round\" stroke-linejoin=\"round\" xmlns=\"http:\/\/www.w3.org\/2000\/svg\"  aria-hidden=\"true\"><path d=\"M21 15v4a2 2 0 0 1-2 2H5a2 2 0 0 1-2-2v-4\"\/><polyline points=\"7 10 12 15 17 10\"\/><line x1=\"12\" y1=\"15\" x2=\"12\" y2=\"3\"\/><\/svg><\/span><\/div><\/div><\/div><\/div><div class=\"kt-infobox-textcontent\"><h4 class=\"kt-blocks-info-box-title\">Descarga los datos<\/h4><\/div><\/a><\/div>\n\n\n\n<div style=\"height:31px\" aria-hidden=\"true\" class=\"wp-block-spacer\"><\/div>\n\n\n<style>.wp-block-kadence-column.kb-section-dir-horizontal > .kt-inside-inner-col > .kt-info-box9523_2f1070-da .kt-blocks-info-box-link-wrap{max-width:unset;}.kt-info-box9523_2f1070-da .kt-blocks-info-box-link-wrap{padding-top:var(--global-kb-spacing-xs, 1rem);padding-right:var(--global-kb-spacing-xs, 1rem);padding-bottom:var(--global-kb-spacing-xs, 1rem);padding-left:var(--global-kb-spacing-xs, 1rem);}.kt-info-box9523_2f1070-da .kadence-info-box-icon-container .kt-info-svg-icon, .kt-info-box9523_2f1070-da .kt-info-svg-icon-flip, .kt-info-box9523_2f1070-da .kt-blocks-info-box-number{font-size:50px;}.kt-info-box9523_2f1070-da .kt-blocks-info-box-media{border-top-width:0px;border-right-width:0px;border-bottom-width:0px;border-left-width:0px;padding-top:10px;padding-right:10px;padding-bottom:10px;padding-left:10px;}.kt-info-box9523_2f1070-da .kt-blocks-info-box-media-container{margin-top:0px;margin-right:15px;margin-bottom:0px;margin-left:15px;}.kt-info-box9523_2f1070-da .kt-blocks-info-box-learnmore{background:transparent;border-width:0px 0px 0px 0px;padding-top:4px;padding-right:8px;padding-bottom:4px;padding-left:8px;margin-top:10px;margin-right:0px;margin-bottom:10px;margin-left:0px;}<\/style>\n<div class=\"wp-block-kadence-infobox kt-info-box9523_2f1070-da\"><a class=\"kt-blocks-info-box-link-wrap info-box-link kt-blocks-info-box-media-align-top kt-info-halign-center\" target=\"_blank\" rel=\"noopener noreferrer\" href=\"https:\/\/seguridad.conahcyt.mx\/mujeres\/wp-content\/uploads\/Tableros\/Desigualdades\/usotiempo\/UsoTiempoSatisfaccionTiempoTrabajo\/NOTA_SatisfacTrabRem.pdf\"><div class=\"kt-infobox-textcontent\"><h4 class=\"kt-blocks-info-box-title\">&#8220;Contar para visibilizar&#8221;<\/h4><\/div><\/a><\/div>\n\n\n\n<div style=\"height:40px\" aria-hidden=\"true\" class=\"wp-block-spacer\"><\/div>\n\n\n<style>.wp-block-kadence-column.kb-section-dir-horizontal > .kt-inside-inner-col > .kt-info-box9523_5fdd37-73 .kt-blocks-info-box-link-wrap{max-width:unset;}.kt-info-box9523_5fdd37-73 .kt-blocks-info-box-link-wrap{padding-top:var(--global-kb-spacing-xs, 1rem);padding-right:var(--global-kb-spacing-xs, 1rem);padding-bottom:var(--global-kb-spacing-xs, 1rem);padding-left:var(--global-kb-spacing-xs, 1rem);}.kt-info-box9523_5fdd37-73 .kadence-info-box-icon-container .kt-info-svg-icon, .kt-info-box9523_5fdd37-73 .kt-info-svg-icon-flip, .kt-info-box9523_5fdd37-73 .kt-blocks-info-box-number{font-size:29px;}.kt-info-box9523_5fdd37-73 .kt-blocks-info-box-media{border-top-width:0px;border-right-width:0px;border-bottom-width:0px;border-left-width:0px;padding-top:10px;padding-right:10px;padding-bottom:10px;padding-left:10px;}.kt-info-box9523_5fdd37-73 .kt-blocks-info-box-media-container{margin-top:0px;margin-right:15px;margin-bottom:0px;margin-left:15px;}.kt-info-box9523_5fdd37-73 .kt-blocks-info-box-learnmore{background:transparent;border-width:0px 0px 0px 0px;padding-top:4px;padding-right:8px;padding-bottom:4px;padding-left:8px;margin-top:10px;margin-right:0px;margin-bottom:10px;margin-left:0px;}<\/style>\n<div class=\"wp-block-kadence-infobox kt-info-box9523_5fdd37-73\"><a class=\"kt-blocks-info-box-link-wrap info-box-link kt-blocks-info-box-media-align-top kt-info-halign-center\" target=\"_blank\" rel=\"noopener noreferrer\" href=\"https:\/\/seguridad.conahcyt.mx\/mujeres\/wp-content\/uploads\/Tableros\/Desigualdades\/usotiempo\/UsoTiempoSatisfaccionTiempoTrabajo\/metadatos\/SatisfaccionTiempoTrabRemun.pdf\"><div class=\"kt-blocks-info-box-media-container\"><div class=\"kt-blocks-info-box-media kt-info-media-animate-none\"><div class=\"kadence-info-box-icon-container kt-info-icon-animate-none\"><div class=\"kadence-info-box-icon-inner-container\"><span class=\"kb-svg-icon-wrap kb-svg-icon-fe_download kt-info-svg-icon\"><svg viewBox=\"0 0 24 24\"  fill=\"none\" stroke=\"currentColor\" stroke-width=\"2\" stroke-linecap=\"round\" stroke-linejoin=\"round\" xmlns=\"http:\/\/www.w3.org\/2000\/svg\"  aria-hidden=\"true\"><path d=\"M21 15v4a2 2 0 0 1-2 2H5a2 2 0 0 1-2-2v-4\"\/><polyline points=\"7 10 12 15 17 10\"\/><line x1=\"12\" y1=\"15\" x2=\"12\" y2=\"3\"\/><\/svg><\/span><\/div><\/div><\/div><\/div><div class=\"kt-infobox-textcontent\"><h4 class=\"kt-blocks-info-box-title\">Descarga los metadatos<\/h4><\/div><\/a><\/div>\n\n\n\n<div style=\"height:40px\" aria-hidden=\"true\" class=\"wp-block-spacer\"><\/div>\n<\/div><\/div>\n<\/div><\/div>\n\n\n<style>.kadence-column9523_f54680-55 > .kt-inside-inner-col,.kadence-column9523_f54680-55 > .kt-inside-inner-col:before{border-top-left-radius:0px;border-top-right-radius:0px;border-bottom-right-radius:0px;border-bottom-left-radius:0px;}.kadence-column9523_f54680-55 > .kt-inside-inner-col{column-gap:var(--global-kb-gap-sm, 1rem);}.kadence-column9523_f54680-55 > .kt-inside-inner-col{flex-direction:column;}.kadence-column9523_f54680-55 > .kt-inside-inner-col > .aligncenter{width:100%;}.kadence-column9523_f54680-55 > .kt-inside-inner-col:before{opacity:0.3;}.kadence-column9523_f54680-55{position:relative;}@media all and (max-width: 1024px){.kadence-column9523_f54680-55 > .kt-inside-inner-col{flex-direction:column;}}@media all and (max-width: 767px){.kadence-column9523_f54680-55 > .kt-inside-inner-col{flex-direction:column;}}<\/style>\n<div class=\"wp-block-kadence-column kadence-column9523_f54680-55\"><div class=\"kt-inside-inner-col\"><\/div><\/div>\n\n<\/div><\/div>\n\n\n<p class=\"has-small-font-size\"><em><strong>Fuente de informaci\u00f3n:<\/strong> Encuesta Nacional sobre el Uso del Tiempo, 2019. INEGI.<\/em><\/p>\n\n\n\n<div style=\"height:100px\" aria-hidden=\"true\" class=\"wp-block-spacer\"><\/div>\n","protected":false},"excerpt":{"rendered":"<p>En el tablero se muestra la gr\u00e1fica de satisfacci\u00f3n en hombres y mujeres con el tiempo dedicado al trabajo remunerado para el a\u00f1o 2019. Fuente de informaci\u00f3n: Encuesta Nacional sobre [&hellip;]<\/p>\n","protected":false},"author":4,"featured_media":0,"parent":9496,"menu_order":0,"comment_status":"closed","ping_status":"closed","template":"","meta":{"ocean_post_layout":"","ocean_both_sidebars_style":"","ocean_both_sidebars_content_width":0,"ocean_both_sidebars_sidebars_width":0,"ocean_sidebar":"","ocean_second_sidebar":"","ocean_disable_margins":"enable","ocean_add_body_class":"","ocean_shortcode_before_top_bar":"","ocean_shortcode_after_top_bar":"","ocean_shortcode_before_header":"","ocean_shortcode_after_header":"","ocean_has_shortcode":"","ocean_shortcode_after_title":"","ocean_shortcode_before_footer_widgets":"","ocean_shortcode_after_footer_widgets":"","ocean_shortcode_before_footer_bottom":"","ocean_shortcode_after_footer_bottom":"","ocean_display_top_bar":"default","ocean_display_header":"default","ocean_header_style":"","ocean_center_header_left_menu":"","ocean_custom_header_template":"","ocean_custom_logo":0,"ocean_custom_retina_logo":0,"ocean_custom_logo_max_width":0,"ocean_custom_logo_tablet_max_width":0,"ocean_custom_logo_mobile_max_width":0,"ocean_custom_logo_max_height":0,"ocean_custom_logo_tablet_max_height":0,"ocean_custom_logo_mobile_max_height":0,"ocean_header_custom_menu":"","ocean_menu_typo_font_family":"","ocean_menu_typo_font_subset":"","ocean_menu_typo_font_size":0,"ocean_menu_typo_font_size_tablet":0,"ocean_menu_typo_font_size_mobile":0,"ocean_menu_typo_font_size_unit":"px","ocean_menu_typo_font_weight":"","ocean_menu_typo_font_weight_tablet":"","ocean_menu_typo_font_weight_mobile":"","ocean_menu_typo_transform":"","ocean_menu_typo_transform_tablet":"","ocean_menu_typo_transform_mobile":"","ocean_menu_typo_line_height":0,"ocean_menu_typo_line_height_tablet":0,"ocean_menu_typo_line_height_mobile":0,"ocean_menu_typo_line_height_unit":"","ocean_menu_typo_spacing":0,"ocean_menu_typo_spacing_tablet":0,"ocean_menu_typo_spacing_mobile":0,"ocean_menu_typo_spacing_unit":"","ocean_menu_link_color":"","ocean_menu_link_color_hover":"","ocean_menu_link_color_active":"","ocean_menu_link_background":"","ocean_menu_link_hover_background":"","ocean_menu_link_active_background":"","ocean_menu_social_links_bg":"","ocean_menu_social_hover_links_bg":"","ocean_menu_social_links_color":"","ocean_menu_social_hover_links_color":"","ocean_disable_title":"default","ocean_disable_heading":"default","ocean_post_title":"","ocean_post_subheading":"","ocean_post_title_style":"centered-minimal","ocean_post_title_background_color":"","ocean_post_title_background":0,"ocean_post_title_bg_image_position":"","ocean_post_title_bg_image_attachment":"","ocean_post_title_bg_image_repeat":"","ocean_post_title_bg_image_size":"","ocean_post_title_height":0,"ocean_post_title_bg_overlay":0.5,"ocean_post_title_bg_overlay_color":"","ocean_disable_breadcrumbs":"default","ocean_breadcrumbs_color":"","ocean_breadcrumbs_separator_color":"","ocean_breadcrumbs_links_color":"","ocean_breadcrumbs_links_hover_color":"","ocean_display_footer_widgets":"default","ocean_display_footer_bottom":"default","ocean_custom_footer_template":"","footnotes":""},"_links":{"self":[{"href":"https:\/\/seguridad.conahcyt.mx\/mujeres\/wp-json\/wp\/v2\/pages\/9523"}],"collection":[{"href":"https:\/\/seguridad.conahcyt.mx\/mujeres\/wp-json\/wp\/v2\/pages"}],"about":[{"href":"https:\/\/seguridad.conahcyt.mx\/mujeres\/wp-json\/wp\/v2\/types\/page"}],"author":[{"embeddable":true,"href":"https:\/\/seguridad.conahcyt.mx\/mujeres\/wp-json\/wp\/v2\/users\/4"}],"replies":[{"embeddable":true,"href":"https:\/\/seguridad.conahcyt.mx\/mujeres\/wp-json\/wp\/v2\/comments?post=9523"}],"version-history":[{"count":10,"href":"https:\/\/seguridad.conahcyt.mx\/mujeres\/wp-json\/wp\/v2\/pages\/9523\/revisions"}],"predecessor-version":[{"id":11626,"href":"https:\/\/seguridad.conahcyt.mx\/mujeres\/wp-json\/wp\/v2\/pages\/9523\/revisions\/11626"}],"up":[{"embeddable":true,"href":"https:\/\/seguridad.conahcyt.mx\/mujeres\/wp-json\/wp\/v2\/pages\/9496"}],"wp:attachment":[{"href":"https:\/\/seguridad.conahcyt.mx\/mujeres\/wp-json\/wp\/v2\/media?parent=9523"}],"curies":[{"name":"wp","href":"https:\/\/api.w.org\/{rel}","templated":true}]}}